{"id":506,"date":"2025-09-11T22:11:20","date_gmt":"2025-09-11T15:11:20","guid":{"rendered":"https:\/\/mtnvietnam.com\/?post_type=product&#038;p=506"},"modified":"2026-02-01T04:50:50","modified_gmt":"2026-01-31T21:50:50","slug":"kfg-lubrication-pump","status":"publish","type":"product","link":"https:\/\/mtnvietnam.com\/?product=kfg-lubrication-pump","title":{"rendered":"KFG Lubrication Pump"},"content":{"rendered":"<p><img loading=\"lazy\" decoding=\"async\" class=\"aligncenter wp-image-507 size-large\" src=\"https:\/\/mtnvietnam.com\/wp-content\/uploads\/2025\/09\/kfg-724x1024.png\" alt=\"\" width=\"724\" height=\"1024\" srcset=\"https:\/\/mtnvietnam.com\/wp-content\/uploads\/2025\/09\/kfg-724x1024.png 724w, https:\/\/mtnvietnam.com\/wp-content\/uploads\/2025\/09\/kfg-212x300.png 212w, https:\/\/mtnvietnam.com\/wp-content\/uploads\/2025\/09\/kfg-768x1087.png 768w, https:\/\/mtnvietnam.com\/wp-content\/uploads\/2025\/09\/kfg-600x849.png 600w, https:\/\/mtnvietnam.com\/wp-content\/uploads\/2025\/09\/kfg.png 800w\" sizes=\"auto, (max-width: 724px) 100vw, 724px\" \/><\/p>\n","protected":false},"excerpt":{"rendered":"<ul>\n<li>Cung c\u1ea5p \u0111a d\u1ea1ng c\u00e1c lo\u1ea1i b\u00ecnh ch\u1ee9a.<\/li>\n<li>Nhi\u1ec1u lo\u1ea1i ph\u1ea7n t\u1eed b\u01a1m cho c\u00e1c m\u1ee9c c\u00f4ng su\u1ea5t kh\u00e1c nhau.<\/li>\n<li>B\u1ed9 \u0111i\u1ec1u khi\u1ec3n t\u00edch h\u1ee3p v\u1edbi ch\u1ee9c n\u0103ng gi\u00e1m s\u00e1t \u0111i\u1ec7n t\u1eed m\u1ee9c m\u1ee1 b\u00f4i tr\u01a1n.<\/li>\n<li>B\u1ed9 \u0111i\u1ec1u khi\u1ec3n t\u00edch h\u1ee3p v\u1edbi 2 ch\u1ebf \u0111\u1ed9 v\u1eadn h\u00e0nh: theo th\u1eddi gian ho\u1eb7c theo chu k\u1ef3.<\/li>\n<li>Gi\u00e1m s\u00e1t \u0111i\u1ec7n t\u1eed m\u1ee9c m\u1ee1 b\u00f4i tr\u01a1n, ch\u1ee9c n\u0103ng b\u01a1m, ch\u1ee9c n\u0103ng b\u1ed9 chia v\u00e0 qu\u00e1 tr\u00ecnh c\u1ea5p ch\u1ea5t b\u00f4i tr\u01a1n.<\/li>\n<\/ul>\n","protected":false},"featured_media":508,"comment_status":"open","ping_status":"closed","template":"","meta":[],"product_brand":[],"product_cat":[21],"product_tag":[],"class_list":{"0":"post-506","1":"product","2":"type-product","3":"status-publish","4":"has-post-thumbnail","6":"product_cat-boi-tron","8":"first","9":"instock","10":"shipping-taxable","11":"product-type-simple"},"_links":{"self":[{"href":"https:\/\/mtnvietnam.com\/index.php?rest_route=\/wp\/v2\/product\/506","targetHints":{"allow":["GET"]}}],"collection":[{"href":"https:\/\/mtnvietnam.com\/index.php?rest_route=\/wp\/v2\/product"}],"about":[{"href":"https:\/\/mtnvietnam.com\/index.php?rest_route=\/wp\/v2\/types\/product"}],"replies":[{"embeddable":true,"href":"https:\/\/mtnvietnam.com\/index.php?rest_route=%2Fwp%2Fv2%2Fcomments&post=506"}],"wp:featuredmedia":[{"embeddable":true,"href":"https:\/\/mtnvietnam.com\/index.php?rest_route=\/wp\/v2\/media\/508"}],"wp:attachment":[{"href":"https:\/\/mtnvietnam.com\/index.php?rest_route=%2Fwp%2Fv2%2Fmedia&parent=506"}],"wp:term":[{"taxonomy":"product_brand","embeddable":true,"href":"https:\/\/mtnvietnam.com\/index.php?rest_route=%2Fwp%2Fv2%2Fproduct_brand&post=506"},{"taxonomy":"product_cat","embeddable":true,"href":"https:\/\/mtnvietnam.com\/index.php?rest_route=%2Fwp%2Fv2%2Fproduct_cat&post=506"},{"taxonomy":"product_tag","embeddable":true,"href":"https:\/\/mtnvietnam.com\/index.php?rest_route=%2Fwp%2Fv2%2Fproduct_tag&post=506"}],"curies":[{"name":"wp","href":"https:\/\/api.w.org\/{rel}","templated":true}]}}