{"id":495,"date":"2025-09-11T21:32:14","date_gmt":"2025-09-11T14:32:14","guid":{"rendered":"https:\/\/mtnvietnam.com\/?post_type=product&#038;p=495"},"modified":"2025-09-11T21:54:23","modified_gmt":"2025-09-11T14:54:23","slug":"al7-lubrication-pump","status":"publish","type":"product","link":"https:\/\/mtnvietnam.com\/?product=al7-lubrication-pump","title":{"rendered":"AL7 Lubrication Pump"},"content":{"rendered":"<p><img loading=\"lazy\" decoding=\"async\" class=\"aligncenter wp-image-496 size-large\" src=\"https:\/\/mtnvietnam.com\/wp-content\/uploads\/2025\/09\/fe424de2f36c7c1-724x1024.png\" alt=\"\" width=\"724\" height=\"1024\" srcset=\"https:\/\/mtnvietnam.com\/wp-content\/uploads\/2025\/09\/fe424de2f36c7c1-724x1024.png 724w, https:\/\/mtnvietnam.com\/wp-content\/uploads\/2025\/09\/fe424de2f36c7c1-212x300.png 212w, https:\/\/mtnvietnam.com\/wp-content\/uploads\/2025\/09\/fe424de2f36c7c1-768x1087.png 768w, https:\/\/mtnvietnam.com\/wp-content\/uploads\/2025\/09\/fe424de2f36c7c1-600x849.png 600w, https:\/\/mtnvietnam.com\/wp-content\/uploads\/2025\/09\/fe424de2f36c7c1.png 800w\" sizes=\"auto, (max-width: 724px) 100vw, 724px\" \/><\/p>\n","protected":false},"excerpt":{"rendered":"<ul>\n<li data-start=\"68\" data-end=\"111\">\n<p data-start=\"70\" data-end=\"111\">Cung c\u1ea5p nhi\u1ec1u lo\u1ea1i b\u00ecnh ch\u1ee9a kh\u00e1c nhau<\/p>\n<\/li>\n<li data-start=\"112\" data-end=\"146\">\n<p data-start=\"114\" data-end=\"146\">\u1ee8ng d\u1ee5ng cho c\u1ea3 ngu\u1ed3n DC v\u00e0 AC<\/p>\n<\/li>\n<li data-start=\"147\" data-end=\"204\">\n<p data-start=\"149\" data-end=\"204\">Nhi\u1ec1u lo\u1ea1i ph\u1ea7n t\u1eed b\u01a1m v\u1edbi l\u01b0u l\u01b0\u1ee3ng kh\u00e1c nhau c\u00f3 s\u1eb5n<\/p>\n<\/li>\n<li data-start=\"205\" data-end=\"282\">\n<p data-start=\"207\" data-end=\"282\">B\u1ed9 \u0111i\u1ec1u khi\u1ec3n t\u00edch h\u1ee3p v\u1edbi 2 ch\u1ebf \u0111\u1ed9 v\u1eadn h\u00e0nh: theo th\u1eddi gian, theo chu k\u1ef3<\/p>\n<\/li>\n<li data-start=\"283\" data-end=\"378\">\n<p data-start=\"285\" data-end=\"378\">Gi\u00e1m s\u00e1t \u0111i\u1ec7n t\u1eed m\u1ee9c m\u1ee1, ch\u1ee9c n\u0103ng b\u01a1m, ch\u1ee9c n\u0103ng b\u1ed9 ph\u00e2n ph\u1ed1i, qu\u00e1 tr\u00ecnh c\u1ea5p ch\u1ea5t b\u00f4i tr\u01a1n<\/p>\n<\/li>\n<\/ul>\n","protected":false},"featured_media":499,"comment_status":"open","ping_status":"closed","template":"","meta":[],"product_brand":[],"product_cat":[21],"product_tag":[],"class_list":{"0":"post-495","1":"product","2":"type-product","3":"status-publish","4":"has-post-thumbnail","6":"product_cat-boi-tron","8":"first","9":"instock","10":"shipping-taxable","11":"product-type-simple"},"_links":{"self":[{"href":"https:\/\/mtnvietnam.com\/index.php?rest_route=\/wp\/v2\/product\/495","targetHints":{"allow":["GET"]}}],"collection":[{"href":"https:\/\/mtnvietnam.com\/index.php?rest_route=\/wp\/v2\/product"}],"about":[{"href":"https:\/\/mtnvietnam.com\/index.php?rest_route=\/wp\/v2\/types\/product"}],"replies":[{"embeddable":true,"href":"https:\/\/mtnvietnam.com\/index.php?rest_route=%2Fwp%2Fv2%2Fcomments&post=495"}],"wp:featuredmedia":[{"embeddable":true,"href":"https:\/\/mtnvietnam.com\/index.php?rest_route=\/wp\/v2\/media\/499"}],"wp:attachment":[{"href":"https:\/\/mtnvietnam.com\/index.php?rest_route=%2Fwp%2Fv2%2Fmedia&parent=495"}],"wp:term":[{"taxonomy":"product_brand","embeddable":true,"href":"https:\/\/mtnvietnam.com\/index.php?rest_route=%2Fwp%2Fv2%2Fproduct_brand&post=495"},{"taxonomy":"product_cat","embeddable":true,"href":"https:\/\/mtnvietnam.com\/index.php?rest_route=%2Fwp%2Fv2%2Fproduct_cat&post=495"},{"taxonomy":"product_tag","embeddable":true,"href":"https:\/\/mtnvietnam.com\/index.php?rest_route=%2Fwp%2Fv2%2Fproduct_tag&post=495"}],"curies":[{"name":"wp","href":"https:\/\/api.w.org\/{rel}","templated":true}]}}