{"id":343,"date":"2025-04-17T09:48:35","date_gmt":"2025-04-17T02:48:35","guid":{"rendered":"https:\/\/mtnvietnam.com\/?page_id=343"},"modified":"2025-08-06T20:10:41","modified_gmt":"2025-08-06T13:10:41","slug":"gioi-thieu","status":"publish","type":"page","link":"https:\/\/mtnvietnam.com\/?page_id=343","title":{"rendered":"GI\u1edaI THI\u1ec6U"},"content":{"rendered":"\n<p>C\u00f4ng ty<strong> TNHH MTV MTN Vi\u1ec7t Nam<\/strong> l\u00e0 doanh nghi\u1ec7p ho\u1ea1t \u0111\u1ed9ng chuy\u00ean s\u00e2u trong hai &nbsp;l\u0129nh v\u1ef1c:<\/p>\n\n\n\n<ol class=\"wp-block-list\">\n<li>M\u00e1y m\u00f3c c\u00f4ng nghi\u1ec7p, cung c\u1ea5p gi\u1ea3i ph\u00e1p n\u00e2ng cao \u0111\u1ed9 tin c\u1eady&nbsp; cho m\u00e1y m\u00f3c thi\u1ebft b\u1ecb quay bao g\u1ed3m:\n<ul class=\"wp-block-list\">\n<li>Cung c\u1ea5p gi\u1ea3i ph\u00e1p gi\u00e1m s\u00e1t t\u00ecnh trang thi\u1ebft b\u1ecb quay: Cung c\u1ea5p h\u1ec7 th\u1ed1ng gi\u00e1m s\u00e1t rung \u0111\u1ed9ng v\u00e0 nhi\u1ec7t \u0111\u1ed9 cho thi\u1ebft b\u1ecb quay. \u0110\u1ea1i di\u1ec7n ph\u00e2n ph\u1ed1i ch\u00ednh s\u1ea3n ph\u1ea9m gi\u00e1m s\u00e1t t\u00ecnh tr\u1ea1ng thi\u1ebft b\u1ecb c\u1ee7a h\u00e3ng CTC t\u1eeb USA.<\/li>\n\n\n\n<li>Cung c\u1ea5p gi\u1ea3i ph\u00e1p b\u00f4i tr\u01a1n: T\u01b0 v\u1ea5n gi\u1ea3i ph\u00e1p b\u00f4i tr\u01a1n thi\u1ebft b\u1ecb quay, Cung c\u1ea5p&nbsp; thi\u1ebft b\u1ecb b\u00f4i tr\u01a1n \u0111\u01a1n \u0111i\u1ec3m, \u0111a \u0111i\u1ec3m.<\/li>\n\n\n\n<li>&nbsp;D\u1ecbch v\u1ee5 b\u1ea3o tr\u00ec d\u1ef1 \u0111o\u00e1n cho thi\u1ebft b\u1ecb quay: \u0111o ph\u00e2n t\u00edch ch\u1ea9n \u0111o\u00e1n rung \u0111\u1ed9ng, ph\u00e2n t\u00edch d\u1ea7u b\u00f4i tr\u01a1n.<\/li>\n\n\n\n<li>D\u1ecbch v\u1ee5 s\u1eeda ch\u1eefa v\u00e0 ph\u1ee5c h\u1ed3i thi\u1ebft b\u1ecb quay: Thi\u1ebft b\u1ecb quay c\u1ea5p ch\u00ednh x\u00e1c ( Spindle Motor, Spindle Vacuum Pump..). S\u1eeda ch\u1eefa ph\u1ee5c h\u1ed3i \u0111\u1ed9ng c\u01a1 \u0111i\u1ec7n, \u0111\u1ed9ng c\u01a1 \u0111\u1ed1t trong, b\u01a1m ch\u00e2n kh\u00f4ng, b\u01a1m ly t\u00e2m, ly t\u00e2m trong ng\u00e0nh th\u1ef1c ph\u1ea9m, cao su, h\u00e0ng h\u1ea3i..<\/li>\n\n\n\n<li>D\u1ecbch v\u1ee5 c\u01a1 kh\u00ed: c\u00e2n b\u1eb1ng \u0111\u1ed9ng t\u1ea1i hi\u1ec7n tr\u01b0\u1eddng cho thi\u1ebft b\u1ecb quay ( M\u00e1y Ly T\u00e2m, Qu\u1ea1t Ly T\u00e2m..). C\u00e2n ch\u1ec9nh \u0111\u1ed3ng t\u00e2m tr\u1ee5c.<\/li>\n<\/ul>\n<\/li>\n\n\n\n<li>Cung c\u1ea5p nguy\u00ean li\u1ec7u th\u1ef1c ph\u1ea9m v\u00e0 ph\u1ee5 gia ng\u00e0nh th\u1ef1c ph\u1ea9m.<\/li>\n<\/ol>\n\n\n\n<p>V\u1edbi \u0111\u1ed9i ng\u0169 nh\u00e2n vi\u00ean nhi\u1ec1u kinh nghi\u1ec7m c\u00f9ng v\u1edbi s\u1ef1 h\u1ee3p t\u00e1c ch\u1eb7t ch\u1ebd v\u1edbi c\u00e1c th\u01b0\u01a1ng hi\u1ec7u h\u00e0ng \u0111\u1ea7u th\u1ebf gi\u1edbi, MTN Vi\u1ec7t Nam lu\u00f4n cam k\u1ebft mang \u0111\u1ebfn ch\u1ea5t l\u01b0\u1ee3ng d\u1ecbch v\u1ee5 v\u00e0 s\u1ea3n ph\u1ea9m v\u01b0\u1ee3t tr\u1ed9i cho kh\u00e1ch h\u00e0ng trong v\u00e0 ngo\u00e0i n\u01b0\u1edbc.<\/p>\n\n\n\n<p><strong>T\u1ea6M NH\u00ccN \u2013 S\u1ee8 M\u1ec6NH<\/strong><\/p>\n\n\n\n<p><em>T\u1ea7m nh\u00ecn:<\/em><\/p>\n\n\n\n<p>Tr\u1edf th\u00e0nh c\u00f4ng ty h\u00e0ng \u0111\u1ea7u trong l\u0129nh v\u1ef1c cung c\u1ea5p gi\u1ea3i ph\u00e1p n\u00e2ng \u0111\u1ed9 tin c\u1eady cho thi\u1ebft b\u1ecb quay.<\/p>\n\n\n\n<p>Tr\u1edf th\u00e0nh c\u00f4ng ty h\u00e0ng \u0111\u1ea7u cung c\u1ea5p nguy\u00ean li\u1ec7u v\u00e0 ph\u1ee5 gia trong ngh\u00e0nh th\u1ef1c ph\u1ea5m<\/p>\n\n\n\n<p><em>S\u1ee9 m\u1ec7nh<\/em>:<\/p>\n\n\n\n<p>Mang \u0111\u1ebfn gi\u1ea3i ph\u00e1p t\u1ed1t nh\u1ea5t cho kh\u00e1ch h\u00e0ng, \u0111\u1ed3ng h\u00e0nh c\u00f9ng kh\u00e1ch h\u00e0ng trong h\u00e0nh tr\u00ecnh ph\u00e1t tri\u1ec3n b\u1ec1n v\u1eefng.<\/p>\n\n\n\n<p>T<strong>H\u00d4NG TIN LI\u00caN H\u1ec6<\/strong><\/p>\n\n\n\n<p>T\u00ean c\u00f4ng ty:<strong> C\u00d4NG TY TNHH MTV MTN VI\u1ec6T NAM<\/strong><\/p>\n\n\n\n<p>\u0110\u1ecba ch\u1ec9: 22\/19B Nguy\u1ec5n Hi\u1ec1n Ph\u01b0\u1eddng B\u00e0n C\u1edd  TP H\u1ed3 Ch\u00ed Minh Vi\u1ec7t Nam<\/p>\n\n\n\n<p>\u0110i\u1ec7n tho\u1ea1i: 0917.789.979<\/p>\n\n\n\n<p>Email: info@mtnvietnam.com<\/p>\n\n\n\n<p>Website: www.mtnvietnam.com<\/p>\n\n\n\n<p><\/p>\n","protected":false},"excerpt":{"rendered":"<p>C\u00f4ng ty TNHH MTV MTN Vi\u1ec7t Nam l\u00e0 doanh nghi\u1ec7p ho\u1ea1t \u0111\u1ed9ng chuy\u00ean s\u00e2u trong hai &nbsp;l\u0129nh v\u1ef1c: V\u1edbi \u0111\u1ed9i ng\u0169 nh\u00e2n vi\u00ean nhi\u1ec1u kinh nghi\u1ec7m c\u00f9ng v\u1edbi s\u1ef1 h\u1ee3p t\u00e1c ch\u1eb7t ch\u1ebd v\u1edbi c\u00e1c th\u01b0\u01a1ng hi\u1ec7u h\u00e0ng \u0111\u1ea7u th\u1ebf gi\u1edbi, MTN Vi\u1ec7t Nam lu\u00f4n cam k\u1ebft mang \u0111\u1ebfn ch\u1ea5t l\u01b0\u1ee3ng d\u1ecbch v\u1ee5 v\u00e0 s\u1ea3n [&#8230;]\n","protected":false},"author":1,"featured_media":0,"parent":0,"menu_order":0,"comment_status":"closed","ping_status":"closed","template":"","meta":{"footnotes":""},"class_list":["post-343","page","type-page","status-publish","hentry"],"_links":{"self":[{"href":"https:\/\/mtnvietnam.com\/index.php?rest_route=\/wp\/v2\/pages\/343","targetHints":{"allow":["GET"]}}],"collection":[{"href":"https:\/\/mtnvietnam.com\/index.php?rest_route=\/wp\/v2\/pages"}],"about":[{"href":"https:\/\/mtnvietnam.com\/index.php?rest_route=\/wp\/v2\/types\/page"}],"author":[{"embeddable":true,"href":"https:\/\/mtnvietnam.com\/index.php?rest_route=\/wp\/v2\/users\/1"}],"replies":[{"embeddable":true,"href":"https:\/\/mtnvietnam.com\/index.php?rest_route=%2Fwp%2Fv2%2Fcomments&post=343"}],"version-history":[{"count":3,"href":"https:\/\/mtnvietnam.com\/index.php?rest_route=\/wp\/v2\/pages\/343\/revisions"}],"predecessor-version":[{"id":489,"href":"https:\/\/mtnvietnam.com\/index.php?rest_route=\/wp\/v2\/pages\/343\/revisions\/489"}],"wp:attachment":[{"href":"https:\/\/mtnvietnam.com\/index.php?rest_route=%2Fwp%2Fv2%2Fmedia&parent=343"}],"curies":[{"name":"wp","href":"https:\/\/api.w.org\/{rel}","templated":true}]}}